f 309221831?
1
What is the ten millions digit of 309566789?
0
What is the hundreds digit of 2954101380?
3
What is the tens digit of 1235912571?
7
What is the hundreds digit of 171154266?
2
What is the millions digit of 268395573?
8
What is the thousands digit of 2611320133?
0
What is the tens digit of 120253203?
0
What is the hundred thousands digit of 41884767?
8
What is the ten thousands digit of 610134115?
3
What is the ten thousands digit of 270901493?
0
What is the millions digit of 496914229?
6
What is the hundred millions digit of 180294953?
1
What is the ten millions digit of 684436415?
8
What is the hundred thousands digit of 28626422?
6
What is the ten thousands digit of 152925050?
2
What is the hundreds digit of 661797?
7
What is the millions digit of 92460073?
2
What is the ten thousands digit of 915913024?
1
What is the millions digit of 579249922?
9
What is the thousands digit of 472204139?
4
What is the hundreds digit of 8350247?
2
What is the units digit of 4137997944?
4
What is the hundreds digit of 2209442917?
9
What is the hundreds digit of 790001631?
6
What is the tens digit of 98292396?
9
What is the millions digit of 159151949?
9
What is the ten millions digit of 729510259?
2
What is the tens digit of 32875015?
1
What is the ten millions digit of 149869598?
4
What is the hundred millions digit of 5337947633?
3
What is the units digit of 143751967?
7
What is the ten millions digit of 31791598?
3
What is the hundred thousands digit of 62356671?
3
What is the ten millions digit of 41240627?
4
What is the millions digit of 164525681?
4
What is the hundred thousands digit of 9274402?
2
What is the ten millions digit of 223513084?
2
What is the thousands digit of 39398785?
8
What is the millions digit of 56535528?
6
What is the ten millions digit of 52983983?
5
What is the tens digit of 473840997?
9
What is the hundred millions digit of 368372474?
3
What is the hundreds digit of 4379027963?
9
What is the hundred thousands digit of 172029526?
0
What is the tens digit of 589371098?
9
What is the ten thousands digit of 4687172717?
7
What is the thousands digit of 2547866962?
6
What is the ten millions digit of 185711917?
8
What is the hundred thousands digit of 1208982709?
9
What is the units digit of 49455036?
6
What is the thousands digit of 79426108?
6
What is the ten millions digit of 1687883079?
8
What is the hundred millions digit of 171177281?
1
What is the thousands digit of 398461540?
1
What is the tens digit of 89636330?
3
What is the thousands digit of 6280936975?
6
What is the millions digit of 1772366185?
2
What is the hundreds digit of 24213619?
6
What is the tens digit of 514669426?
2
What is the millions digit of 2279243511?
9
What is the thousands digit of 371177017?
7
What is the millions digit of 1506048120?
6
What is the hundred thousands digit of 5649668376?
6
What is the hundreds digit of 24579239?
2
What is the ten millions digit of 2658320529?
5
What is the hundred thousands digit of 40451032?
4
What is the millions digit of 1946921574?
6
What is the billions digit of 1197974036?
1
What is the ten thousands digit of 1937059535?
5
What is the thousands digit of 32576463?
6
What is the ten thousands digit of 1548481911?
8
What is the ten thousands digit of 301460044?
6
What is the millions digit of 1008928621?
8
What is the billions digit of 3556546530?
3
What is the hundred millions digit of 2906295501?
9
What is the tens digit of 115562837?
3
What is the millions digit of 84168642?
4
What is the billions digit of 1759656641?
1
What is the ten thousands digit of 32708189?
0
What is the units digit of 19674280?
0
What is the units digit of 293853430?
0
What is the tens digit of 9012283?
8
What is the units digit of 34883879?
9
What is the ten thousands digit of 744021616?
2
What is the tens digit of 47352137?
3
What is the millions digit of 99283650?
9
What is the ten millions digit of 23641658?
2
What is the thousands digit of 1041357939?
7
What is the hundred millions digit of 2711388627?
7
What is the hundred thousands digit of 164878952?
8
What is the hundred thousands digit of 86829115?
8
What is the millions digit of 101427006?
1
What is the tens digit of 3860997?
9
What is the hundred thousands digit of 132294616?
2
What is the units digit of 1248366746?
6
What is the hundreds digit of 535662342?
3
What is the tens digit of 9705295?
9
What is the hundred thousands digit of 132644509?
6
What is the hundred millions digit of 383594069?
3
What is the hundreds digit of 172848136?
1
What is the tens digit of 293348619?
1
What is the hundreds digit of 13824164?
1
What is the millions digit of 3508131?
3
What is the thousands digit of 143362669?
2
What is the tens digit of 29770018?
1
What is the units digit of 13222430?
0
What is the millions digit of 170907675?
0
What is the ten millions digit of 58906919?
5
What is the thousands digit of 4708018501?
8
What is the hundred millions digit of 311691382?
3
What is the hundreds digit of 70292717?
7
What is the hundred millions digit of 568791675?
5
What is the ten millions digit of 862257506?
6
What is the units digit of 2061679464?
4
What is the millions digit of 29661023?
9
What is the hundred thousands digit of 13623924?
6
What is the units digit of 15247314?
4
What is the thousands digit of 127220546?
0
What is the thousands digit of 135985397?
5
What is the thousands digit of 2472570201?
0
What is the ten millions digit of 572204189?
7
What is the ten millions digit of 1075742391?
7
What is the hundred millions digit of 1369102175?
3
What is the ten millions digit of 14835583?
1
What is the ten thousands digit of 1806324417?
2
What is the hundreds digit of 148448774?
7
What is the thousands digit of 806620026?
0
What is the ten thousands digit of 223967696?
6
What is the millions digit of 5176239593?
6
What is the ten millions digit of 23681452?
2
What is the hundred millions digit of 122897580?
1
What is the units digit of 63729559?
9
What is the ten millions digit of 143855179?
4
What is the ten millions digit of 1095740346?
9
What is the thousands digit of 189134825?
4
What is the tens digit of 27444636?
3
What is the thousands digit of 836964698?
4
What is the units digit of 973327627?
7
What is the hundred millions digit of 3990995135?
9
What is the millions digit of 46916107?
6
What is the millions digit of 2246174308?
6
What is the hundreds digit of 529334406?
4
What is the tens digit of 56929971?
7
What is the ten thousands digit of 40464442?
6
What is the thousands digit of 5888940677?
0
What is the hundred thousands digit of 767576036?
5
What is the ten thousands digit of 88719927?
1
What is the hundred thousands digit of 3487574135?
5
What is the ten millions digit of 47502023?
4
What is the ten millions digit of 1288147209?
8
What is the ten millions digit of 2090499809?
9
What is the billions digit of 1065220252?
1
What is the ten millions digit of 932072263?
3
What is the millions digit of 1553044180?
3
What is the units digit of 35632413?
3
What is the ten thousands digit of 1500902818?
0
What is the thousands digit of 589933390?
3
What is the thousands digit of 397483745?
3
What is the millions digit of 39867718?
9
What is the millions digit of 149291975?
9
What is the tens digit of 641927451?
5
What is the hundred thousands digit of 1195258608?
2
What is the hundred millions digit of 1088927691?
0
What is the tens digit of 429406768?
6
What is the hundred thousands digit of 3883051119?
0
What is the ten millions digit of 114680242?
1
What is the hundred thousands digit of 2605296421?
2
What is the hundred thousands digit of 2600680609?
6
What is the ten millions digit of 98772199?
9
What is the hundreds digit of 27519297?
2
What is the ten thousands digit of 23304587?
0
What is the hundred millions digit of 197758277?
1
What is the ten thousands digit of 1413986430?
8
What is the tens digit of 1296084267?
6
What is the billions digit of 5137478276?
5
What is the tens digit of 1003934994?
9
What is the hundred millions digit of 1196523917?
1
What is the millions digit of 287550448?
7
What is the tens digit of 1482193967?
6
What is the units digit of 139003835?
5
What is the hundreds digit of 370805487?
4
What is the ten millions digit o